{"id":28,"date":"2013-01-22T10:41:23","date_gmt":"2013-01-22T10:41:23","guid":{"rendered":"http:\/\/www.ggs-kellersberg-ost.de\/?page_id=28"},"modified":"2025-08-25T19:28:44","modified_gmt":"2025-08-25T19:28:44","slug":"forderverein","status":"publish","type":"page","link":"https:\/\/www.ggs-kellersberg-ost.de\/?page_id=28","title":{"rendered":"F\u00f6rderverein"},"content":{"rendered":"<p><center><\/center><center><\/center><a href=\"https:\/\/www.ggs-kellersberg-ost.de\/wp-content\/uploads\/2025\/08\/Flyer-Foerderverein-und-Beitrittserklaerung.pdf\"><img loading=\"lazy\" decoding=\"async\" class=\"wp-image-2297 alignright\" src=\"https:\/\/www.ggs-kellersberg-ost.de\/wp-content\/uploads\/2025\/08\/Aktuelles-LOGO.jpg\" alt=\"\" width=\"182\" height=\"182\" srcset=\"https:\/\/www.ggs-kellersberg-ost.de\/wp-content\/uploads\/2025\/08\/Aktuelles-LOGO.jpg 1024w, https:\/\/www.ggs-kellersberg-ost.de\/wp-content\/uploads\/2025\/08\/Aktuelles-LOGO-300x300.jpg 300w, https:\/\/www.ggs-kellersberg-ost.de\/wp-content\/uploads\/2025\/08\/Aktuelles-LOGO-150x150.jpg 150w, https:\/\/www.ggs-kellersberg-ost.de\/wp-content\/uploads\/2025\/08\/Aktuelles-LOGO-768x768.jpg 768w\" sizes=\"auto, (max-width: 182px) 100vw, 182px\" \/>Unser F\u00f6rderverein &#8211; der Flyer<\/a><\/p>\n<p><span style=\"font-family: Arial, sans-serif;\"><span style=\"font-size: medium;\"><b>Wozu ben\u00f6tigen wir einen F\u00f6rderverein?<\/b><\/span><\/span><\/p>\n<p><span style=\"font-family: Arial, sans-serif;\"><span style=\"font-size: medium;\">Die \u00f6ffentlichen Mittel sind sehr knapp. Trotzdem w\u00fcnschen wir f\u00fcr unsere Kinder die beste Bildung.<\/span><\/span><\/p>\n<p><span style=\"font-family: Arial, sans-serif;\"><span style=\"font-size: medium;\"><b>Was tut unser F\u00f6rderverein?<\/b><\/span><\/span><\/p>\n<p><span style=\"font-family: Arial, sans-serif;\"><span style=\"font-size: medium;\">Wir arbeiten in enger Abstimmung mit der Schule zusammen f\u00fcr Anschaffungen und Ausgaben f\u00fcr: Schulb\u00fccher, Lernkarteien, Spiel- und Sportger\u00e4te, Schr\u00e4nke, Regale, Digitalisierung, Lernprogramme, und vieles mehr&#8230;<\/span><\/span><\/p>\n<p><span style=\"font-family: Arial, sans-serif;\"><span style=\"font-size: medium;\"><b>Wie finanziert sich unser F\u00f6rderverein?<\/b><\/span><\/span><\/p>\n<p><span style=\"font-family: Arial, sans-serif;\"><span style=\"font-size: medium;\">Im Wesentlichen aus den Mitgliederbeitr\u00e4gen. Aber auch aus privaten Spenden sowie von Spendenbeitr\u00e4gen einiger Firmen. <\/span><\/span><\/p>\n<p><span style=\"font-family: Arial, sans-serif;\"><span style=\"font-size: medium;\">(F\u00fcr jede gemachte Spende, erh\u00e4lt der Spender eine Spendenquittung, die steuerlich geltend gemacht werden kann.)<\/span><\/span><\/p>\n<p><span style=\"font-family: Arial, sans-serif;\"><span style=\"font-size: medium;\">Die Mitwirkenden sind ehrenamtlich t\u00e4tig, so dass alle Mittel ausschlie\u00dflich den Kindern unserer Grundschule zu Gute kommen!<\/span><\/span><\/p>\n<p align=\"CENTER\"><span style=\"font-family: Arial, sans-serif;\"><span style=\"font-size: large;\"><b>Das schaffen wir nur mit Ihrer Hilfe<\/b><\/span><\/span><\/p>\n<p align=\"CENTER\"><span style=\"font-family: Arial, sans-serif;\"><span style=\"font-size: large;\"><b>Lassen Sie uns gemeinsam unsere Grundschule voranbringen.<\/b><\/span><\/span><\/p>\n<p align=\"CENTER\"><span style=\"font-family: Arial, sans-serif;\"><span style=\"font-size: large;\"><b>Unterst\u00fctzen Sie uns, egal ob als einmalige Spende oder als Mitglied. <\/b><\/span><\/span><\/p>\n<p align=\"CENTER\"><span style=\"font-family: Arial, sans-serif;\"><span style=\"font-size: large;\"><b>Machen Sie mit!<\/b><\/span><\/span><\/p>\n<p align=\"CENTER\"><span style=\"font-family: Arial, sans-serif;\"><span style=\"font-size: medium;\"><b>Engagieren Sie sich im F\u00f6rderverein der GGS Alsdorf Kellersberg-Ost e.V. <\/b><\/span><\/span><\/p>\n<p align=\"CENTER\"><span style=\"font-family: Arial, sans-serif;\"><span style=\"font-size: large;\"><b>Wir freuen uns auf Sie!<\/b><\/span><\/span><\/p>\n<p>Anmeldeformular: <a href=\"https:\/\/www.ggs-kellersberg-ost.de\/wp-content\/uploads\/2025\/08\/Beitrittserklaerung-Foerderverein.pdf\">Beitrittserkl\u00e4rung F\u00f6rderverein<\/a><br \/>\n&#8211; anklicken, herunterladen, ausdrucken, ausf\u00fcllen und abgeben \ud83d\ude42<\/p>\n<p>Auch \u00fcber <a href=\"https:\/\/www.ggs-kellersberg-ost.de\/wp-content\/uploads\/2025\/08\/Spendenerklaerung-einmal-Spende-ohne-Betreff.pdf\">einmalige Spenden<\/a> freuen wir uns sehr. Diese Bitten wir Sie jedoch zu \u00fcberweisen. Am Ende des Jahres erhalten Sie auch hierf\u00fcr eine Bescheinigung f\u00fcr Ihre Steuerunterlagen.<\/p>\n","protected":false},"excerpt":{"rendered":"<p>Unser F\u00f6rderverein &#8211; der Flyer Wozu ben\u00f6tigen wir einen F\u00f6rderverein? Die \u00f6ffentlichen Mittel sind sehr knapp. Trotzdem w\u00fcnschen wir f\u00fcr unsere Kinder die beste Bildung. Was tut unser F\u00f6rderverein? Wir arbeiten in enger Abstimmung mit der Schule zusammen f\u00fcr Anschaffungen und Ausgaben f\u00fcr: Schulb\u00fccher, Lernkarteien, Spiel- und Sportger\u00e4te, Schr\u00e4nke, Regale, Digitalisierung, Lernprogramme, und vieles mehr&#8230; &hellip; <a href=\"https:\/\/www.ggs-kellersberg-ost.de\/?page_id=28\" class=\"more-link\"><span class=\"screen-reader-text\">F\u00f6rderverein<\/span> weiterlesen<\/a><\/p>\n","protected":false},"author":1,"featured_media":0,"parent":0,"menu_order":0,"comment_status":"closed","ping_status":"closed","template":"","meta":{"footnotes":""},"class_list":["post-28","page","type-page","status-publish","hentry"],"_links":{"self":[{"href":"https:\/\/www.ggs-kellersberg-ost.de\/index.php?rest_route=\/wp\/v2\/pages\/28","targetHints":{"allow":["GET"]}}],"collection":[{"href":"https:\/\/www.ggs-kellersberg-ost.de\/index.php?rest_route=\/wp\/v2\/pages"}],"about":[{"href":"https:\/\/www.ggs-kellersberg-ost.de\/index.php?rest_route=\/wp\/v2\/types\/page"}],"author":[{"embeddable":true,"href":"https:\/\/www.ggs-kellersberg-ost.de\/index.php?rest_route=\/wp\/v2\/users\/1"}],"replies":[{"embeddable":true,"href":"https:\/\/www.ggs-kellersberg-ost.de\/index.php?rest_route=%2Fwp%2Fv2%2Fcomments&post=28"}],"version-history":[{"count":41,"href":"https:\/\/www.ggs-kellersberg-ost.de\/index.php?rest_route=\/wp\/v2\/pages\/28\/revisions"}],"predecessor-version":[{"id":2306,"href":"https:\/\/www.ggs-kellersberg-ost.de\/index.php?rest_route=\/wp\/v2\/pages\/28\/revisions\/2306"}],"wp:attachment":[{"href":"https:\/\/www.ggs-kellersberg-ost.de\/index.php?rest_route=%2Fwp%2Fv2%2Fmedia&parent=28"}],"curies":[{"name":"wp","href":"https:\/\/api.w.org\/{rel}","templated":true}]}}