{"id":1347,"date":"2020-03-10T13:14:30","date_gmt":"2020-03-10T13:14:30","guid":{"rendered":"http:\/\/www.ggs-kellersberg-ost.de\/?page_id=1347"},"modified":"2020-03-10T13:29:32","modified_gmt":"2020-03-10T13:29:32","slug":"naeheres-zum-datenschutz","status":"publish","type":"page","link":"https:\/\/www.ggs-kellersberg-ost.de\/?page_id=1347","title":{"rendered":"N\u00e4heres zum Datenschutz"},"content":{"rendered":"\n<p>Im Rahmen vom schulischen Alltag werden personenbezogene Daten der Sch\u00fclerinnen und Sch\u00fcler der Grundschule Alsdorf Kellersberg\/Ost erhoben. <\/p>\n\n\n\n<p>Laut Informationspflicht nach Art. 13 DS-GVO sind wir als Schule dazu verpflichter, Sie \u00fcber Art und Umfang der Verarbeitung von pers\u00f6nlichen Daten zu informieren. <\/p>\n\n\n\n<p>Im folgenden finden Sie hierzu alle wichtigen Downloads.<\/p>\n\n\n\n<p><\/p>\n\n\n\n<p><a href=\"https:\/\/www.ggs-kellersberg-ost.de\/wp-content\/uploads\/2020\/03\/Datenschutz_Elterninfo.pdf\">Information zur Verarbeitung personenbezogener Daten _ Stand 09\/2018<\/a><\/p>\n\n\n\n<p><a href=\"https:\/\/www.ggs-kellersberg-ost.de\/wp-content\/uploads\/2020\/03\/Einwilligung-Schu\u0308ler-EU-DSGVO-konform-Grundschule.pdf\">Datenschutzrechtliche Einwilligungserkl\u00e4rung in die Ver\u00f6ffentlichung von personenbezogenen Daten, Fotos von Sch\u00fclerinnen und Sch\u00fclern<\/a><\/p>\n","protected":false},"excerpt":{"rendered":"<p>Im Rahmen vom schulischen Alltag werden personenbezogene Daten der Sch\u00fclerinnen und Sch\u00fcler der Grundschule Alsdorf Kellersberg\/Ost erhoben. Laut Informationspflicht nach Art. 13 DS-GVO sind wir als Schule dazu verpflichter, Sie \u00fcber Art und Umfang der Verarbeitung von pers\u00f6nlichen Daten zu informieren. Im folgenden finden Sie hierzu alle wichtigen Downloads. Information zur Verarbeitung personenbezogener Daten _ &hellip; <a href=\"https:\/\/www.ggs-kellersberg-ost.de\/?page_id=1347\" class=\"more-link\"><span class=\"screen-reader-text\">N\u00e4heres zum Datenschutz<\/span> weiterlesen<\/a><\/p>\n","protected":false},"author":1,"featured_media":0,"parent":0,"menu_order":0,"comment_status":"closed","ping_status":"closed","template":"","meta":{"footnotes":""},"class_list":["post-1347","page","type-page","status-publish","hentry"],"_links":{"self":[{"href":"https:\/\/www.ggs-kellersberg-ost.de\/index.php?rest_route=\/wp\/v2\/pages\/1347","targetHints":{"allow":["GET"]}}],"collection":[{"href":"https:\/\/www.ggs-kellersberg-ost.de\/index.php?rest_route=\/wp\/v2\/pages"}],"about":[{"href":"https:\/\/www.ggs-kellersberg-ost.de\/index.php?rest_route=\/wp\/v2\/types\/page"}],"author":[{"embeddable":true,"href":"https:\/\/www.ggs-kellersberg-ost.de\/index.php?rest_route=\/wp\/v2\/users\/1"}],"replies":[{"embeddable":true,"href":"https:\/\/www.ggs-kellersberg-ost.de\/index.php?rest_route=%2Fwp%2Fv2%2Fcomments&post=1347"}],"version-history":[{"count":6,"href":"https:\/\/www.ggs-kellersberg-ost.de\/index.php?rest_route=\/wp\/v2\/pages\/1347\/revisions"}],"predecessor-version":[{"id":1359,"href":"https:\/\/www.ggs-kellersberg-ost.de\/index.php?rest_route=\/wp\/v2\/pages\/1347\/revisions\/1359"}],"wp:attachment":[{"href":"https:\/\/www.ggs-kellersberg-ost.de\/index.php?rest_route=%2Fwp%2Fv2%2Fmedia&parent=1347"}],"curies":[{"name":"wp","href":"https:\/\/api.w.org\/{rel}","templated":true}]}}